{"id":153,"date":"2016-02-02T09:21:52","date_gmt":"2016-02-02T09:21:52","guid":{"rendered":"https:\/\/prolacar.ec\/?page_id=153"},"modified":"2024-09-04T02:22:40","modified_gmt":"2024-09-04T00:22:40","slug":"prolacar","status":"publish","type":"page","link":"https:\/\/prolacar.ec\/index.php\/prolacar\/","title":{"rendered":"Prolacar"},"content":{"rendered":"<div class=\"wpb-content-wrapper\"><p>[vc_row full_width=\u00bbstretch_row\u00bb css=\u00bb.vc_custom_1453896618684{background-image: url(https:\/\/prolacar.ec\/wp-content\/uploads\/img_hello.png?id=592) !important;background-position: 0 0 !important;background-repeat: no-repeat !important;}\u00bb el_class=\u00bbmargin_bottom_xlarge\u00bb][vc_column width=\u00bb1\/2&#8243;]<h2 class=\"sc_title sc_title_iconed margin_bottom_xmedium\"><span class=\"sc_title_icon sc_title_icon_left  sc_title_icon_small icon-home2202 sc_left\"><\/span><span class=\"sc_title_box\">Prolacar<span class=\"sc_title_subtitle\">Productos l\u00e1cteos de Zuleta para el mundo.<\/span><\/span><\/h2><div class=\"sc_section margin_bottom_xmedium\" style=\"font-size:1.286em; line-height:1.667em; font-weight:100; \"><div class=\"sc_section_inner\">[vc_column_text]Somos una f\u00e1brica de productos l\u00e1cteos se encuentra ubicada en la Comuna de Zuleta, perteneciente a la Parroquia Angochagua, a 18 kil\u00f3metros del Cant\u00f3n Ibarra, Provincia de Imbabura. Nos caracterizamos por ser eminentemente productora de leche cruda y bordados a mano que durante d\u00e9cadas, reconocida a nivel local, nacional e internacional.[\/vc_column_text]<\/div><\/div><div class=\"columns_wrap sc_columns columns_nofluid sc_columns_count_2 margin_bottom_medium\"><div class=\"column-1_2 sc_column_item sc_column_item_1 odd first\"><ul class=\"sc_list sc_list_style_iconed\" style=\"color:#999ca9;\"><li class=\"sc_list_item odd first\"><span class=\"sc_list_icon icon-stop\" style=\"color:#ef595a;\"><\/span>[vc_column_text]Producci\u00f3n Artesanal de Alta Calidad[\/vc_column_text]<\/li><li class=\"sc_list_item even\"><span class=\"sc_list_icon icon-stop\" style=\"color:#ef595a;\"><\/span>[vc_column_text]Ubicaci\u00f3n Pintoresca en Zuleta[\/vc_column_text]<\/li><\/ul><\/div><div class=\"column-1_2 sc_column_item sc_column_item_2 even\"><ul class=\"sc_list sc_list_style_iconed\" style=\"color:#999ca9;\"><li class=\"sc_list_item odd first\"><span class=\"sc_list_icon icon-stop\" style=\"color:#ef595a;\"><\/span>[vc_column_text]Compromiso con la Tradici\u00f3n Local[\/vc_column_text]<\/li><li class=\"sc_list_item even\"><span class=\"sc_list_icon icon-stop\" style=\"color:#ef595a;\"><\/span>[vc_column_text]Instalaciones Ampliamente Equipadas[\/vc_column_text]<\/li><\/ul><\/div><\/div>[\/vc_column][vc_column width=\u00bb1\/2&#8243;]<figure class=\"sc_image  sc_image_shape_square\" style=\"width:570px;height:380px;\"><img decoding=\"async\" src=\"https:\/\/prolacar.ec\/wp-content\/uploads\/2024\/09\/IMG_9366-scaled-570x380.jpeg\" alt=\"\" \/><\/figure>[\/vc_column][\/vc_row][vc_row css=\u00bb.vc_custom_1725398099573{background-image: url(https:\/\/prolacar.ec\/wp-content\/uploads\/2024\/09\/zuletita.jpg?id=1305) !important;background-position: center !important;background-repeat: no-repeat !important;background-size: cover !important;}\u00bb][vc_column]<!-- #TRX_GAP_START# --><div id=\"sc_testimonials_290961622\" class=\"sc_testimonials sc_testimonials_style_testimonials-2  sc_slider_swiper swiper-slider-container sc_slider_pagination sc_slider_pagination_bottom sc_slider_nocontrols sc_slider_height_auto scheme_dark \" data-interval=\"5803\" data-slides-min-width=\"250\" style=\"width:100%;\"><div class=\"slides swiper-wrapper\"><div class=\"swiper-slide\" data-style=\"width:100%;\" style=\"width:100%;\">\t\t\t<div id=\"sc_testimonials_290961622_1\" class=\"sc_testimonial_item\">\n\t\t\t\t<div class=\"sc_testimonial_content\"><p>El mejor queso con sabor imbabure\u00f1o y con productos 100% comunitarios.<\/p>\n<\/div>\n\t\t\t\t\t\t\t\t<div class=\"sc_testimonial_author\"><span class=\"sc_testimonial_author_name\">Gladys Potos\u00ed<\/span><br><span class=\"sc_testimonial_author_position\">43 years<\/span><\/div>\n\t\t\t\t\t\t\t<\/div>\n\t\t<\/div><div class=\"swiper-slide\" data-style=\"width:100%;\" style=\"width:100%;\">\t\t\t<div id=\"sc_testimonials_290961622_2\" class=\"sc_testimonial_item\">\n\t\t\t\t<div class=\"sc_testimonial_content\"><p>Thank you so much for your good wishes and for your not insignificant part in our move. You are stars!<\/p>\n<\/div>\n\t\t\t\t\t\t\t\t<div class=\"sc_testimonial_author\"><span class=\"sc_testimonial_author_name\">Emma Bennett<\/span><br><span class=\"sc_testimonial_author_position\">40 years<\/span><\/div>\n\t\t\t\t\t\t\t<\/div>\n\t\t<\/div><div class=\"swiper-slide\" data-style=\"width:100%;\" style=\"width:100%;\">\t\t\t<div id=\"sc_testimonials_290961622_3\" class=\"sc_testimonial_item\">\n\t\t\t\t<div class=\"sc_testimonial_content\"><p>You were superb from the start! We made the best decision. We wish the company well for the future.<\/p>\n<\/div>\n\t\t\t\t\t\t\t\t<div class=\"sc_testimonial_author\"><a href=\"#\" class=\"sc_testimonial_author_name\">Logan Hughes<\/a><br><span class=\"sc_testimonial_author_position\">31 years<\/span><\/div>\n\t\t\t\t\t\t\t<\/div>\n\t\t<\/div><\/div><div class=\"sc_slider_controls_wrap\"><a class=\"sc_slider_prev\" href=\"#\"><\/a><a class=\"sc_slider_next\" href=\"#\"><\/a><\/div><div class=\"sc_slider_pagination_wrap\"><\/div><\/div><!-- #TRX_GAP_END# -->[\/vc_column][\/vc_row]<\/p>\n<\/div>","protected":false},"excerpt":{"rendered":"<p>[vc_row full_width=\u00bbstretch_row\u00bb css=\u00bb.vc_custom_1453896618684{background-image: url(https:\/\/prolacar.ec\/wp-content\/uploads\/img_hello.png?id=592) !important;background-position: 0 0 !important;background-repeat: no-repeat !important;}\u00bb el_class=\u00bbmargin_bottom_xlarge\u00bb][vc_column width=\u00bb1\/2&#8243;][\/vc_column][vc_column width=\u00bb1\/2&#8243;][\/vc_column][\/vc_row][vc_row css=\u00bb.vc_custom_1725398099573{background-image: url(https:\/\/prolacar.ec\/wp-content\/uploads\/2024\/09\/zuletita.jpg?id=1305) !important;background-position: center !important;background-repeat: no-repeat !important;background-size: cover !important;}\u00bb][vc_column][\/vc_column][\/vc_row]<\/p>\n","protected":false},"author":1,"featured_media":0,"parent":0,"menu_order":0,"comment_status":"closed","ping_status":"closed","template":"","meta":{"_monsterinsights_skip_tracking":false,"_monsterinsights_sitenote_active":false,"_monsterinsights_sitenote_note":"","_monsterinsights_sitenote_category":0,"_uf_show_specific_survey":0,"_uf_disable_surveys":false,"footnotes":""},"class_list":["post-153","page","type-page","status-publish","hentry"],"aioseo_notices":[],"_links":{"self":[{"href":"https:\/\/prolacar.ec\/index.php\/wp-json\/wp\/v2\/pages\/153","targetHints":{"allow":["GET"]}}],"collection":[{"href":"https:\/\/prolacar.ec\/index.php\/wp-json\/wp\/v2\/pages"}],"about":[{"href":"https:\/\/prolacar.ec\/index.php\/wp-json\/wp\/v2\/types\/page"}],"author":[{"embeddable":true,"href":"https:\/\/prolacar.ec\/index.php\/wp-json\/wp\/v2\/users\/1"}],"replies":[{"embeddable":true,"href":"https:\/\/prolacar.ec\/index.php\/wp-json\/wp\/v2\/comments?post=153"}],"version-history":[{"count":16,"href":"https:\/\/prolacar.ec\/index.php\/wp-json\/wp\/v2\/pages\/153\/revisions"}],"predecessor-version":[{"id":1517,"href":"https:\/\/prolacar.ec\/index.php\/wp-json\/wp\/v2\/pages\/153\/revisions\/1517"}],"wp:attachment":[{"href":"https:\/\/prolacar.ec\/index.php\/wp-json\/wp\/v2\/media?parent=153"}],"curies":[{"name":"wp","href":"https:\/\/api.w.org\/{rel}","templated":true}]}}