{"id":469,"date":"2016-02-16T08:17:27","date_gmt":"2016-02-16T08:17:27","guid":{"rendered":"https:\/\/prolacar.ec\/?page_id=469"},"modified":"2024-09-04T02:37:00","modified_gmt":"2024-09-04T00:37:00","slug":"home-2","status":"publish","type":"page","link":"https:\/\/prolacar.ec\/","title":{"rendered":"Inicio"},"content":{"rendered":"<div class=\"wpb-content-wrapper\"><p>[vc_row full_width=\u00bbstretch_row\u00bb el_class=\u00bbmargin_top_xlarge margin_bottom_xmedium\u00bb][vc_column width=\u00bb1\/2&#8243;][vc_column_text el_class=\u00bbbgtext1&#8243;]FEATURED[\/vc_column_text]<h2 class=\"sc_title sc_title_iconed ind2 margin_top_null margin_bottom_xmedium\"><span class=\"sc_title_icon sc_title_icon_left  sc_title_icon_small icon-map-pointer18 sc_left\"><\/span><span class=\"sc_title_box\">PROLACAR<span class=\"sc_title_subtitle\">Zuleta, Ecuador<\/span><\/span><\/h2><div class=\"sc_section margin_bottom_xmedium\" style=\"font-size:1.286em; line-height:1.667em; font-weight:100; \"><div class=\"sc_section_inner\">[vc_column_text]<\/p>\n<div class=\"sc_section margin_bottom_xmedium\">\n<div class=\"sc_section_inner\">\n<div class=\"wpb_text_column wpb_content_element \">\n<div class=\"wpb_wrapper\">\n<p>Somos una f\u00e1brica de productos l\u00e1cteos se encuentra ubicada en la Comuna de Zuleta, perteneciente a la Parroquia Angochagua, a 18 kil\u00f3metros del Cant\u00f3n Ibarra, Provincia de Imbabura. Nos caracterizamos por ser eminentemente productora de leche cruda y bordados a mano que durante d\u00e9cadas, reconocida a nivel local, nacional e internacional.<\/p>\n<\/div>\n<\/div>\n<\/div>\n<\/div>\n<p>[\/vc_column_text]<\/div><\/div><div class=\"columns_wrap sc_columns columns_nofluid sc_columns_count_2 margin_bottom_medium\"><div class=\"column-1_2 sc_column_item sc_column_item_1 odd first\"><ul class=\"sc_list sc_list_style_iconed\" style=\"color:#999ca9;\"><li class=\"sc_list_item odd first\"><span class=\"sc_list_icon icon-stop\" style=\"color:#ef595a;\"><\/span>[vc_column_text]<\/p>\n<div class=\"wpb_text_column wpb_content_element \">\n<div class=\"wpb_wrapper\">\n<p>Producci\u00f3n Artesanal de Alta Calidad<\/p>\n<\/div>\n<\/div>\n<p>[\/vc_column_text]<\/li><li class=\"sc_list_item even\"><span class=\"sc_list_icon icon-stop\" style=\"color:#ef595a;\"><\/span>[vc_column_text]Ubicaci\u00f3n Pintoresca[\/vc_column_text]<\/li><\/ul><\/div><div class=\"column-1_2 sc_column_item sc_column_item_2 even\"><ul class=\"sc_list sc_list_style_iconed\" style=\"color:#999ca9;\"><li class=\"sc_list_item odd first\"><span class=\"sc_list_icon icon-stop\" style=\"color:#ef595a;\"><\/span>[vc_column_text]<\/p>\n<div class=\"wpb_text_column wpb_content_element \">\n<div class=\"wpb_wrapper\">\n<p>Compromiso con la Tradici\u00f3n Local<\/p>\n<\/div>\n<\/div>\n<p>[\/vc_column_text]<\/li><li class=\"sc_list_item even\"><span class=\"sc_list_icon icon-stop\" style=\"color:#ef595a;\"><\/span>[vc_column_text]<\/p>\n<div class=\"wpb_text_column wpb_content_element \">\n<div class=\"wpb_wrapper\">\n<p>Instalaciones Ampliamente Equipadas<\/p>\n<\/div>\n<\/div>\n<p>[\/vc_column_text]<\/li><\/ul><\/div><\/div>[\/vc_column][vc_column width=\u00bb1\/2&#8243;]<figure class=\"sc_image  sc_image_shape_square\" style=\"width:570px;height:414px;\"><a href=\"\/?p=352\"><img decoding=\"async\" src=\"https:\/\/prolacar.ec\/wp-content\/uploads\/2024\/09\/359828243_732484258887321_7655920356527995594_n-570x414.jpg\" alt=\"\" \/><\/a><\/figure>[\/vc_column][\/vc_row][vc_row full_width=\u00bbstretch_row\u00bb css=\u00bb.vc_custom_1455702537736{background-color: #f0f1f5 !important;}\u00bb][vc_column]<div class=\"sc_content content_wrap margin_top_large margin_bottom_medium\"><h4 class=\"sc_title sc_title_regular margin_top_null margin_bottom_medium\">Productos l\u00e1cteos<\/h4><div id=\"sc_property_6468550_wrap\" class=\"sc_property_wrap\"><div id=\"sc_property_6468550\" class=\"sc_property sc_property_style_property-1  sc_slider_nopagination sc_slider_nocontrols\" data-interval=\"7213\" data-slides-per-view=\"3\" style=\"width:100%;\"><div class=\"sc_columns columns_wrap\"><div class=\"column-1_3 column_padding_bottom\">\t\t\t<div id=\"sc_property_6468550_1\" class=\"sc_property_item sc_property_item_1 odd first\">\n\t\t\t\t\t\t\t\t\t<div class=\"sc_property_image\"><a href=\"https:\/\/prolacar.ec\/index.php\/property\/mantequilla\/\"><img loading=\"lazy\" decoding=\"async\" class=\"wp-post-image\" width=\"600\" height=\"460\" alt=\"Mantequilla\" src=\"https:\/\/prolacar.ec\/wp-content\/uploads\/2024\/09\/mantequillita-600x460.jpg\"><\/a><\/div>\n\t\t\t\t\t\t\t\t\n\t\t\t\t<div class=\"sc_property_info\">\n\t\t\t\t\t<div class=\"sc_property_description\"> for sale<\/div>\n\t\t\t\t\t\n\t\t\t\t\t\t\t\t\t<\/div>\n\t\t\t\t\n\t\t\t\t<div class=\"sc_property_info_list\">\n\t\t\t\t\t\n\t\t\t\t\t<span class=\"icon-building113\">0 sqft<\/span>\t\t\t\t\t\n\t\t\t\t<\/div>\n\t\t\t\t\n\t\t\t<\/div>\n\t\t<\/div><div class=\"column-1_3 column_padding_bottom\">\t\t\t<div id=\"sc_property_6468550_2\" class=\"sc_property_item sc_property_item_2 even\">\n\t\t\t\t\t\t\t\t\t<div class=\"sc_property_image\"><a href=\"https:\/\/prolacar.ec\/index.php\/property\/quesos-semimaduros-de-oregano\/\"><img loading=\"lazy\" decoding=\"async\" class=\"wp-post-image\" width=\"600\" height=\"460\" alt=\"Quesos semimaduros de or\u00e9gano\" src=\"https:\/\/prolacar.ec\/wp-content\/uploads\/2024\/09\/quesosemimadu-600x460.jpg\"><\/a><\/div>\n\t\t\t\t\t\t\t\t\n\t\t\t\t<div class=\"sc_property_info\">\n\t\t\t\t\t<div class=\"sc_property_description\"> for sale<\/div>\n\t\t\t\t\t\n\t\t\t\t\t\t\t\t\t<\/div>\n\t\t\t\t\n\t\t\t\t<div class=\"sc_property_info_list\">\n\t\t\t\t\t\n\t\t\t\t\t<span class=\"icon-building113\">0 sqft<\/span>\t\t\t\t\t\n\t\t\t\t<\/div>\n\t\t\t\t\n\t\t\t<\/div>\n\t\t<\/div><div class=\"column-1_3 column_padding_bottom\">\t\t\t<div id=\"sc_property_6468550_3\" class=\"sc_property_item sc_property_item_3 odd\">\n\t\t\t\t\t\t\t\t\t<div class=\"sc_property_image\"><a href=\"https:\/\/prolacar.ec\/index.php\/property\/queso-maduro\/\"><img loading=\"lazy\" decoding=\"async\" class=\"wp-post-image\" width=\"600\" height=\"460\" alt=\"Queso maduro\" src=\"https:\/\/prolacar.ec\/wp-content\/uploads\/2024\/09\/quesomaduro1-600x460.jpg\"><\/a><\/div>\n\t\t\t\t\t\t\t\t\n\t\t\t\t<div class=\"sc_property_info\">\n\t\t\t\t\t<div class=\"sc_property_description\"> for sale<\/div>\n\t\t\t\t\t\n\t\t\t\t\t\t\t\t\t<\/div>\n\t\t\t\t\n\t\t\t\t<div class=\"sc_property_info_list\">\n\t\t\t\t\t\n\t\t\t\t\t<span class=\"icon-building113\">0 sqft<\/span>\t\t\t\t\t\n\t\t\t\t<\/div>\n\t\t\t\t\n\t\t\t<\/div>\n\t\t<\/div><\/div><\/div><!-- \/.sc_property --><\/div><!-- \/.sc_property_wrap --><\/div>[\/vc_column][\/vc_row][vc_row full_width=\u00bbstretch_row\u00bb parallax=\u00bbcontent-moving\u00bb parallax_image=\u00bb1467&#8243;][vc_column]<div class=\"sc_section  scheme_dark  \"><div class=\"sc_section_inner\">[vc_column_text css=\u00bb.vc_custom_1725400012259{border-bottom-width: 20px !important;padding-top: 20px !important;}\u00bb]<\/p>\n<h2 style=\"text-align: center;\">\u00bfD\u00f3nde puedes encontrarnos?<\/h2>\n<p>[\/vc_column_text]<\/div><\/div>[vc_row_inner css=\u00bb.vc_custom_1725400036069{padding-top: 20px !important;padding-bottom: 20px !important;}\u00bb][vc_column_inner width=\u00bb1\/4&#8243;][vc_icon icon_fontawesome=\u00bbfas fa-home\u00bb color=\u00bbgreen\u00bb background_style=\u00bbrounded\u00bb align=\u00bbcenter\u00bb][vc_column_text]<\/p>\n<p style=\"text-align: center; color: white;\"><em><strong>Comuna Zuleta, v\u00eda principal.<\/strong><\/em><\/p>\n<p>[\/vc_column_text][vc_column_text]<\/p>\n<p style=\"text-align: center; color: white;\"><em>De lunes a domingos en la f\u00e1brica.<\/em><\/p>\n<p>[\/vc_column_text][vc_column_text]<\/p>\n<p style=\"text-align: center; color: white;\"><em><strong>&#8211;<\/strong><\/em><\/p>\n<p style=\"text-align: center; color: white;\"><em><strong>C\u00f3mo llegar<\/strong><\/em><\/p>\n<p>[\/vc_column_text][vc_single_image image=\u00bb1496&#8243; alignment=\u00bbcenter\u00bb][\/vc_column_inner][vc_column_inner width=\u00bb1\/4&#8243;][vc_icon icon_fontawesome=\u00bbfas fa-mosque\u00bb color=\u00bbgreen\u00bb background_style=\u00bbrounded\u00bb align=\u00bbcenter\u00bb][vc_column_text]<\/p>\n<p style=\"text-align: center; color: white;\"><em><strong>Mercado Amazonas<\/strong><\/em><\/p>\n<p>[\/vc_column_text][vc_column_text]<\/p>\n<p style=\"text-align: center; color: white;\"><em>De lunes a viernes desde las 08h00.<\/em><\/p>\n<p>[\/vc_column_text][vc_column_text]<\/p>\n<p style=\"text-align: center; color: white;\"><em><strong>&#8211;<\/strong><\/em><\/p>\n<p style=\"text-align: center; color: white;\"><em><strong>C\u00f3mo llegar<\/strong><\/em><\/p>\n<p>[\/vc_column_text][vc_single_image image=\u00bb1506&#8243; alignment=\u00bbcenter\u00bb][\/vc_column_inner][vc_column_inner width=\u00bb1\/4&#8243;][vc_icon icon_fontawesome=\u00bbfas fa-taxi\u00bb color=\u00bbgreen\u00bb background_style=\u00bbrounded\u00bb align=\u00bbcenter\u00bb][vc_column_text]<\/p>\n<p style=\"text-align: center; color: white;\"><em><strong>Feria junto al terminal<\/strong><\/em><\/p>\n<p>[\/vc_column_text][vc_column_text]<\/p>\n<p style=\"text-align: center; color: white;\"><em>Los d\u00edas s\u00e1bados a las 08h00.<\/em><\/p>\n<p>[\/vc_column_text][vc_column_text]<\/p>\n<p style=\"text-align: center; color: white;\"><em><strong>&#8211;<\/strong><\/em><\/p>\n<p style=\"text-align: center; color: white;\"><em><strong>C\u00f3mo llegar<\/strong><\/em><\/p>\n<p>[\/vc_column_text][vc_single_image image=\u00bb1509&#8243; alignment=\u00bbcenter\u00bb][\/vc_column_inner][vc_column_inner width=\u00bb1\/4&#8243;][vc_icon icon_fontawesome=\u00bbfas fa-tree\u00bb color=\u00bbgreen\u00bb background_style=\u00bbrounded\u00bb align=\u00bbcenter\u00bb][vc_column_text]<\/p>\n<p style=\"text-align: center; color: white;\"><em><strong>Feria junto al MAGAP<\/strong><\/em><\/p>\n<p>[\/vc_column_text][vc_column_text]<\/p>\n<p style=\"text-align: center; color: white;\"><em>Los d\u00edas domingos desde las 08h00.<\/em><\/p>\n<p>[\/vc_column_text][vc_column_text]<\/p>\n<p style=\"text-align: center; color: white;\"><em><strong>&#8211;<\/strong><\/em><\/p>\n<p style=\"text-align: center; color: white;\"><em><strong>C\u00f3mo llegar<\/strong><\/em><\/p>\n<p>[\/vc_column_text][vc_single_image image=\u00bb1509&#8243; alignment=\u00bbcenter\u00bb][\/vc_column_inner][\/vc_row_inner][\/vc_column][\/vc_row][vc_row full_width=\u00bbstretch_row\u00bb css=\u00bb.vc_custom_1725396591009{background-image: url(https:\/\/prolacar.ec\/wp-content\/uploads\/2024\/09\/surtido-trozos-queso-vista-superior-fondo-blanco-copyspace_144627-22902.avif?id=1455) !important;background-position: center !important;background-repeat: no-repeat !important;background-size: cover !important;}\u00bb el_class=\u00bbmobile-box\u00bb][vc_column][vc_column_text el_class=\u00bbbgtext1&#8243;]MOBILE[\/vc_column_text]<div class=\"columns_wrap sc_columns columns_nofluid sc_columns_count_2\"><div class=\"column-1_2 sc_column_item sc_column_item_1 odd first\"><h1 class=\"sc_title sc_title_regular\">\u00a1Ahora puedes realizar tu pedido desde aqu\u00ed!<\/h1><\/div><div class=\"column-1_2 sc_column_item sc_column_item_2 even\"><figure class=\"sc_image  sc_image_shape_square customImgHome1 \"><img decoding=\"async\" src=\"https:\/\/prolacar.ec\/wp-content\/uploads\/2024\/09\/eaeadcaa-d6f5-49c6-82f7-4463448d07a5.webp\" alt=\"\" \/><\/figure><\/div><\/div>[\/vc_column][\/vc_row][vc_row css=\u00bb.vc_custom_1725365708322{background-image: url(https:\/\/prolacar.ec\/wp-content\/uploads\/2024\/09\/zuletita.jpg?id=1305) !important;background-position: center !important;background-repeat: no-repeat !important;background-size: cover !important;}\u00bb][vc_column]<!-- #TRX_GAP_START# --><div id=\"sc_testimonials_357089287\" class=\"sc_testimonials sc_testimonials_style_testimonials-2  sc_slider_swiper swiper-slider-container sc_slider_pagination sc_slider_pagination_bottom sc_slider_nocontrols sc_slider_height_auto scheme_dark \" data-interval=\"5884\" data-slides-min-width=\"250\" style=\"width:100%;\"><div class=\"slides swiper-wrapper\"><div class=\"swiper-slide\" data-style=\"width:100%;\" style=\"width:100%;\">\t\t\t<div id=\"sc_testimonials_357089287_1\" class=\"sc_testimonial_item\">\n\t\t\t\t<div class=\"sc_testimonial_content\"><p>El mejor queso con sabor imbabure\u00f1o y con productos 100% comunitarios.<\/p>\n<\/div>\n\t\t\t\t\t\t\t\t<div class=\"sc_testimonial_author\"><span class=\"sc_testimonial_author_name\">Gladys Potos\u00ed<\/span><br><span class=\"sc_testimonial_author_position\">43 years<\/span><\/div>\n\t\t\t\t\t\t\t<\/div>\n\t\t<\/div><div class=\"swiper-slide\" data-style=\"width:100%;\" style=\"width:100%;\">\t\t\t<div id=\"sc_testimonials_357089287_2\" class=\"sc_testimonial_item\">\n\t\t\t\t<div class=\"sc_testimonial_content\"><p>Thank you so much for your good wishes and for your not insignificant part in our move. You are stars!<\/p>\n<\/div>\n\t\t\t\t\t\t\t\t<div class=\"sc_testimonial_author\"><span class=\"sc_testimonial_author_name\">Emma Bennett<\/span><br><span class=\"sc_testimonial_author_position\">40 years<\/span><\/div>\n\t\t\t\t\t\t\t<\/div>\n\t\t<\/div><div class=\"swiper-slide\" data-style=\"width:100%;\" style=\"width:100%;\">\t\t\t<div id=\"sc_testimonials_357089287_3\" class=\"sc_testimonial_item\">\n\t\t\t\t<div class=\"sc_testimonial_content\"><p>You were superb from the start! We made the best decision. We wish the company well for the future.<\/p>\n<\/div>\n\t\t\t\t\t\t\t\t<div class=\"sc_testimonial_author\"><a href=\"#\" class=\"sc_testimonial_author_name\">Logan Hughes<\/a><br><span class=\"sc_testimonial_author_position\">31 years<\/span><\/div>\n\t\t\t\t\t\t\t<\/div>\n\t\t<\/div><\/div><div class=\"sc_slider_controls_wrap\"><a class=\"sc_slider_prev\" href=\"#\"><\/a><a class=\"sc_slider_next\" href=\"#\"><\/a><\/div><div class=\"sc_slider_pagination_wrap\"><\/div><\/div><!-- #TRX_GAP_END# -->[\/vc_column][\/vc_row]<\/p>\n<\/div>","protected":false},"excerpt":{"rendered":"<p>[vc_row full_width=\u00bbstretch_row\u00bb el_class=\u00bbmargin_top_xlarge margin_bottom_xmedium\u00bb][vc_column width=\u00bb1\/2&#8243;][vc_column_text el_class=\u00bbbgtext1&#8243;]FEATURED[\/vc_column_text][\/vc_column][vc_column width=\u00bb1\/2&#8243;][\/vc_column][\/vc_row][vc_row full_width=\u00bbstretch_row\u00bb css=\u00bb.vc_custom_1455702537736{background-color: #f0f1f5 !important;}\u00bb][vc_column][\/vc_column][\/vc_row][vc_row full_width=\u00bbstretch_row\u00bb parallax=\u00bbcontent-moving\u00bb parallax_image=\u00bb1467&#8243;][vc_column][vc_row_inner css=\u00bb.vc_custom_1725400036069{padding-top: 20px !important;padding-bottom: 20px !important;}\u00bb][vc_column_inner width=\u00bb1\/4&#8243;][vc_icon icon_fontawesome=\u00bbfas fa-home\u00bb color=\u00bbgreen\u00bb background_style=\u00bbrounded\u00bb align=\u00bbcenter\u00bb][vc_column_text] Comuna Zuleta, v\u00eda principal. [\/vc_column_text][vc_column_text] De lunes a domingos en la f\u00e1brica. [\/vc_column_text][vc_column_text] &#8211; C\u00f3mo llegar [\/vc_column_text][vc_single_image image=\u00bb1496&#8243; alignment=\u00bbcenter\u00bb][\/vc_column_inner][vc_column_inner width=\u00bb1\/4&#8243;][vc_icon icon_fontawesome=\u00bbfas fa-mosque\u00bb color=\u00bbgreen\u00bb background_style=\u00bbrounded\u00bb align=\u00bbcenter\u00bb][vc_column_text] Mercado Amazonas [\/vc_column_text][vc_column_text] De lunes [&hellip;]<\/p>\n","protected":false},"author":1,"featured_media":0,"parent":0,"menu_order":0,"comment_status":"closed","ping_status":"closed","template":"","meta":{"_monsterinsights_skip_tracking":false,"_monsterinsights_sitenote_active":false,"_monsterinsights_sitenote_note":"","_monsterinsights_sitenote_category":0,"_uf_show_specific_survey":0,"_uf_disable_surveys":false,"footnotes":""},"class_list":["post-469","page","type-page","status-publish","hentry"],"aioseo_notices":[],"_links":{"self":[{"href":"https:\/\/prolacar.ec\/index.php\/wp-json\/wp\/v2\/pages\/469","targetHints":{"allow":["GET"]}}],"collection":[{"href":"https:\/\/prolacar.ec\/index.php\/wp-json\/wp\/v2\/pages"}],"about":[{"href":"https:\/\/prolacar.ec\/index.php\/wp-json\/wp\/v2\/types\/page"}],"author":[{"embeddable":true,"href":"https:\/\/prolacar.ec\/index.php\/wp-json\/wp\/v2\/users\/1"}],"replies":[{"embeddable":true,"href":"https:\/\/prolacar.ec\/index.php\/wp-json\/wp\/v2\/comments?post=469"}],"version-history":[{"count":61,"href":"https:\/\/prolacar.ec\/index.php\/wp-json\/wp\/v2\/pages\/469\/revisions"}],"predecessor-version":[{"id":1515,"href":"https:\/\/prolacar.ec\/index.php\/wp-json\/wp\/v2\/pages\/469\/revisions\/1515"}],"wp:attachment":[{"href":"https:\/\/prolacar.ec\/index.php\/wp-json\/wp\/v2\/media?parent=469"}],"curies":[{"name":"wp","href":"https:\/\/api.w.org\/{rel}","templated":true}]}}